Let b = -11 - d. Is k(b) composite?
True
Suppose 0 = -h - 0*s - s - 219, -661 = 3*h + 4*s. Let x = -84 - h. Is x prime?
True
Suppose -3*i + 86 = i + 2*k, 5*i = -4*k + 106. Is (1 + i/4)*2 a prime number?
True
Suppose 8 - 545 = -3*z. Is z prime?
True
Let t = 915 - 502. Is t prime?
False
Let i(j) = -6*j**2 - 8*j - 1. Let a(x) = 7*x**2 + 9*x. Let b(r) = -5*a(r) - 6*i(r). Is b(-7) prime?
False
Let p be 3/(-5) - (-3)/5. Let s = p + -2. Is 35 + (4 - (4 + s)) composite?
False
Suppose -134 = 2*v - 490. Let d = 537 - v. Is d composite?
False
Let c(f) be the first derivative of -27*f**2 + f + 2. Is c(-1) a composite number?
True
Let v = -1 + 4. Suppose -v*i - 3*q = 2*q + 13, 5*i + 3*q + 27 = 0. Is (i + 167)*(-2)/(-2) composite?
True
Let k(j) = 4*j + 5. Let b(u) = -7*u - 11. Let s(a) = 6*b(a) + 13*k(a). Is s(5) composite?
True
Let g(k) = 26*k**2 - k + 2. Let f be g(2). Suppose 4*l = 2*i - 304, -i - 2*l + 28 = -f. Suppose 2*o + 4*m - i = 0, -2*o - 2*m + 162 = -3*m. Is o prime?
True
Let h(c) = -115*c**3 + c**2 + c. Is h(-1) prime?
False
Suppose 5*b - 85 = 10. Suppose -2*c - 5*x + 35 = 0, 5*x = -c + x + b. Is c prime?
False
Let h(o) = o + 3. Let t(q) = q**2 - 3. Let a(g) = -3*h(g) - 2*t(g). Let k be a(3). Is 2 + 0 - (k + -1) a prime number?
False
Let c(b) = b**3 + 6*b**2 - 5*b + 3. Let f be c(5). Suppose -w - a + 74 = 0, -5*w + 4*a + f = -72. Is w a prime number?
False
Suppose 6*m - 4*m - 1722 = 0. Suppose -5*s = -2*s - m. Is s prime?
False
Let n = -572 + 966. Suppose 2*r - 4 = 0, 3*r + 20 - n = -s. Suppose -s = -4*h - 2*k + 4*k, h - 87 = -2*k. Is h a prime number?
False
Let m(t) = -85*t - 6. Is m(-5) a composite number?
False
Is (-7)/((-28)/16) + 111 a composite number?
True
Suppose -158 = 20*s - 22*s. Is s a prime number?
True
Suppose 0*r + 4*u - 3004 = -4*r, -1492 = -2*r + 3*u. Is r a composite number?
True
Suppose -m + 5*l + 941 = l, 3 = -3*l. Is m prime?
True
Let a = 15 + -10. Suppose a*l - 3 = 7. Suppose m = -l*z + 152, -z = -4*m - 3 - 82. Is z a prime number?
False
Let d(o) = -o**3 - o**2 - o - 37. Let a be d(0). Let x = 3 - a. Let h = -3 + x. Is h composite?
False
Suppose 4*m + 21 = 3*k, 5*m + 1 + 2 = -4*k. Suppose c + s - 368 = -3*c, k*c + 4*s - 289 = 0. Is c composite?
True
Let m(f) = 12*f - 6. Suppose 3*i - 6 = 18. Let h be m(i). Let k = h + 59. Is k a composite number?
False
Is 248/2*120/96 a prime number?
False
Let i = 0 - -2. Suppose -3 = -i*r + 5. Is 26 + r + 0 + 1 a prime number?
True
Let l(z) be the second derivative of -z**5/20 + 11*z**4/12 - 2*z**3 + 13*z**2/2 - 5*z. Is l(9) a prime number?
True
Suppose -105985 = -11*y - 32164. Is y a composite number?
True
Let j = -264 + 3573. Is j prime?
False
Suppose -2*s = -5*i + 16 - 0, -2*s = 2*i - 12. Suppose -2*x = 2*z - 196, -2*z - s*z - 3*x + 391 = 0. Is z a composite number?
False
Let k be (1 - (-2)/2) + 23. Let v = 41 - k. Let j = 27 - v. Is j a composite number?
False
Let r(a) be the second derivative of 3*a**5/10 + a**4/4 - a**3/2 - 2*a. Let x be r(3). Let v = 259 - x. Is v a prime number?
True
Let r(c) = c**2 - 4*c - 6. Let t be r(6). Let n = t + -2. Suppose 3*b = 2*b + 5, n*b - 99 = -g. Is g composite?
False
Let w(t) = t**2 - 2*t - 23. Is w(-10) a composite number?
False
Suppose -4*t + 2*t - 118 = 0. Let g = t + 82. Is g composite?
False
Is -295*(-9)/6*8/12 a prime number?
False
Let q be 24/(-4)*(-2)/3. Let x = q - 6. Is (x + 129 + 0)*1 prime?
True
Let i(c) = -c**3 - 9*c**2 - 4*c + 33. Is i(-17) a prime number?
False
Suppose 0 = -5*v - 214 + 599. Let y = 156 - v. Is y a composite number?
False
Suppose -2*f = 3*f - 15. Let c be (24/9 + -2)*f. Suppose u + 3*o + 25 = c*u, -4*u + 3*o + 118 = 0. Is u composite?
False
Let l(z) = -15 + 4*z - z + z - 2*z**3 + 14 + 2*z**2. Let h be l(-3). Let j = 118 - h. Is j a composite number?
False
Suppose -5*m = 5*j + 10, 5 = 5*j - 3*m - 9. Is 6/2 + (j - -99) prime?
True
Let v = -1 - 4. Let i be -4 + (-1 - v)/(-2). Let c(z) = -13*z - 1. Is c(i) prime?
False
Let w(q) = -187*q + 3. Is w(-4) a prime number?
True
Suppose 0*l = -7*l + 2723. Is l prime?
True
Suppose -9*w + 5387 = 374. Is w composite?
False
Let z(w) = 8*w**2 - 5*w - 7. Is z(6) composite?
False
Let z = 77 + -129. Let n = 13 - z. Is n composite?
True
Let f = -11 - -11. Suppose f*l - a + 188 = l, 2*l + 5*a = 367. Is l prime?
True
Suppose 0 = -3*h + h + 2. Is -19*1*(-2 + h) a composite number?
False
Let y(k) = -k**2 - 8*k. Let w be y(-8). Let q be 3/(-6) + 6/4. Suppose 3*l + 5*i - 160 = -q, w = 3*l + i - 159. Is l prime?
True
Suppose -4*i + 1 = 2*k - 1, 2*k - 3 = -5*i. Let n = i - -1. Is n a composite number?
False
Let b(l) = 3*l**3 - l + 1. Is b(3) prime?
True
Suppose 0 = -c - 2*c. Suppose c*t = -t + 3*k + 15, 4*t + 20 = -4*k. Suppose w + t*r - 5*r = 95, -4*r = 3*w - 247. Is w prime?
False
Let k be (4/6)/(11/33). Suppose k*r = 3*r - 451. Is r composite?
True
Suppose -4*v - o + 62 = 0, 4*v - o - 18 = 40. Suppose -5*r - v + 170 = 0. Is r a prime number?
True
Let v(p) be the first derivative of -12*p**2 + 7*p - 3. Is v(-3) prime?
True
Suppose -3*l = -6*l. Suppose 3*t - t - 322 = l. Is t composite?
True
Is 3/(-12) - 0 - 10825/(-20) composite?
False
Let q(a) = 55*a. Is q(1) prime?
False
Let q be 1*3/6*10. Suppose 4*m + q*i - 381 = 0, 0 = 2*m + 5*i - 29 - 174. Is m composite?
False
Let w(v) = v**3 + v**2 + v - 4. Let t be w(0). Let d(f) = 9*f**2 + 3*f + 2. Let a(c) = -17*c**2 - 7*c - 5. Let q(p) = 3*a(p) + 7*d(p). Is q(t) prime?
True
Suppose -11 = 2*x - 47. Is (-3)/(-9) - (-3216)/x composite?
False
Let b(s) = 18*s + 13. Let c be b(9). Let d(w) = -w**3 - 8*w**2 - w - 4. Let j be d(-8). Suppose 0 = j*l + 5*m - 62 - 78, -5*l + c = -m. Is l composite?
True
Is (-104)/182 + (-417)/(-7) a prime number?
True
Let j(d) = 6*d + 3. Suppose 4*g - 14 - 6 = 0. Is j(g) a composite number?
True
Suppose 0 = 5*v - 1227 - 13. Let l(r) = -122*r - 1. Let d be l(-1). Let g = v - d. Is g prime?
True
Let n(d) be the second derivative of -11*d**3/2 - d**2 - 2*d. Let q = -24 + 19. Is n(q) a composite number?
False
Let m = -188 - -357. Is m a composite number?
True
Let b be (-27)/36 - 794/8. Let v = 165 + b. Is v prime?
False
Suppose 4*b = -0*b - 16. Let q = 10 - b. Let r = 51 - q. Is r a prime number?
True
Suppose 4*q - 5507 = 5*i - 1589, -q = 4*i - 969. Is q a prime number?
True
Is (44/2)/(((-42)/(-15))/7) composite?
True
Let z(x) = -x + 5. Suppose -p + 2 = 2*d - 1, 5*d = 4*p - 25. Let c be z(p). Suppose c = -4*r + 60 + 32. Is r composite?
False
Let n = -1625 + 2364. Is n composite?
False
Let l(h) = 96*h + 5. Is l(5) composite?
True
Let w be (-6 - -1)*(-6)/10. Let v(i) = 30*i - 1. Is v(w) a composite number?
False
Suppose 4*i - 82 = 50. Let c = i + 44. Is c composite?
True
Let f = -1 + 6. Let d(c) = c**2 + 4*c - 1 - 2 - 4. Is d(f) a composite number?
True
Let j = -13 + 4. Let z = -13 - j. Is z/(-12)*291/1 a composite number?
False
Suppose 4*y + 0*y = 24. Is y a prime number?
False
Let i(o) = 7*o**2 + 3*o - 1. Let j be (-2 - 3) + 0/1. Is i(j) a composite number?
True
Let d(t) = -t - 6. Let i be d(-9). Suppose -i*a = -6 - 33. Is a composite?
False
Suppose h + 3 = 2. Let d(r) = -203*r. Is d(h) a prime number?
False
Suppose 0 = y + 2*i - 1 - 9, -y = 4*i - 20. Let x(j) = j**3 - j**2 + j + 37. Is x(y) prime?
True
Is (108/2 - 1)/((-17)/(-119)) prime?
False
Is (-5210)/10*((-4)/(-2) + -3) composite?
False
Suppose 186 = 3*f - 363. Let d = 294 - f. Is d a prime number?
False
Let v be ((-259)/28)/((-2)/8). Is (3/((-3)/v))/(-1) composite?
False
Suppose 13 = -3*z + 7. Is (155/z)/((-1)/2) prime?
False
Suppose -2*t - 61 - 63 = 0. Let d = t - 7. Is d*(12/(-3) - -3) prime?
False
Suppose -931 = -9*b + 2*b. Is b composite?
True
Let h(j) be the third derivative of -1/3*j**3 + 0 + 0*j + 11/24*j**4 + 2*j**2. Is h(5) prime?
True
Suppose q + 406 = 2*s, -4*s - 2*q + 625 = -171. Is s composite?
True
Suppose -4 = -o - o. Suppose -2*n - o*n - 4*l = 0, 0 = -n - 4*l - 12. Is (2/n)/(3/66) a prime number?
True
Let f = -53 - -77. Let b(j) = 8*j**2 + 2*j + 1. Let c be b(-2). Let o = f + c. Is o composite?
False
Let k(h) = 22*h - 2. Let g be k(3). Suppose 3*v - g = 8. Suppose 2*o = 6*o - v. Is o a prime number?
False
Let y be 3*-16 - 0 - 2. Let h = 72 + y. Is h composite?
True
Let j(g) = 8*g**3 - g**2 - g + 1. Let w be j(1). Let k be (w/(-3))/((-3)/54). Let d = k + 